{"id":846,"date":"2024-12-25T19:07:46","date_gmt":"2024-12-25T19:07:46","guid":{"rendered":"https:\/\/www.ac-aldek.fr\/?page_id=846"},"modified":"2024-12-26T10:42:00","modified_gmt":"2024-12-26T10:42:00","slug":"politique-de-confidentialite","status":"publish","type":"page","link":"https:\/\/www.ac-aldek.fr\/index.php\/politique-de-confidentialite\/","title":{"rendered":"Politique de Confidentialit\u00e9"},"content":{"rendered":"\n<p><strong>Collecte des Donn\u00e9es Personnelles :<\/strong><br>Nous collectons les informations suivantes :<\/p>\n\n\n\n<ul class=\"wp-block-list\">\n<li>Nom et pr\u00e9nom<\/li>\n\n\n\n<li>Coordonn\u00e9es (adresse e-mail, num\u00e9ro de t\u00e9l\u00e9phone)<\/li>\n\n\n\n<li>Donn\u00e9es n\u00e9cessaires \u00e0 la gestion des inscriptions et des activit\u00e9s scolaires<\/li>\n<\/ul>\n\n\n\n<p>Ces donn\u00e9es sont collect\u00e9es lorsque :<\/p>\n\n\n\n<ul class=\"wp-block-list\">\n<li>Vous vous inscrivez lors d&rsquo;un entretien oral sur notre r\u00e9seau social discord en ligne<\/li>\n\n\n\n<li>Vous participez \u00e0 nos \u00e9v\u00e9nements ou projets<\/li>\n\n\n\n<li>Vous nous contactez via notre formulaire ou par e-mail<\/li>\n<\/ul>\n\n\n\n<p><strong>Utilisation des Donn\u00e9es :<\/strong><br>Vos informations personnelles sont utilis\u00e9es pour :<\/p>\n\n\n\n<ul class=\"wp-block-list\">\n<li>G\u00e9rer les inscriptions et votre int\u00e9gration \u00e0 notre association\/ activit\u00e9s r\u00e9alis\u00e9es<\/li>\n\n\n\n<li>Communiquer sur nos actions et \u00e9v\u00e9nements<\/li>\n\n\n\n<li>R\u00e9pondre \u00e0 vos demandes<\/li>\n<\/ul>\n\n\n\n<p><strong>Partage des Donn\u00e9es :<\/strong><br>Les donn\u00e9es collect\u00e9es ne sont jamais partag\u00e9es ou vendues \u00e0 des tiers, sauf si la loi l\u2019exige.<\/p>\n\n\n\n<p><strong>Dur\u00e9e de Conservation :<\/strong><br>Vos informations personnelles sont conserv\u00e9es aussi longtemps que n\u00e9cessaire pour r\u00e9aliser les finalit\u00e9s mentionn\u00e9es ci-dessus ou conform\u00e9ment aux obligations l\u00e9gales.<\/p>\n\n\n\n<p><strong>Vos Droits :<\/strong><br>Conform\u00e9ment au RGPD (R\u00e8glement G\u00e9n\u00e9ral sur la Protection des Donn\u00e9es), vous disposez des droits suivants :<\/p>\n\n\n\n<ul class=\"wp-block-list\">\n<li>Acc\u00e8s \u00e0 vos donn\u00e9es personnelles<\/li>\n\n\n\n<li>Rectification ou suppression de vos donn\u00e9es<\/li>\n\n\n\n<li>Opposition ou limitation du traitement<\/li>\n\n\n\n<li>Portabilit\u00e9 des donn\u00e9es<\/li>\n<\/ul>\n\n\n\n<p>Pour exercer ces droits, veuillez nous contacter \u00e0 l\u2019adresse : <a>etablissement@ac-aldek.fr<\/a><\/p>\n\n\n\n<p><strong>Cookies :<\/strong><br>Notre site utilise des cookies pour am\u00e9liorer l\u2019exp\u00e9rience utilisateur. Vous pouvez configurer vos pr\u00e9f\u00e9rences en mati\u00e8re de cookies dans les param\u00e8tres de votre navigateur.<\/p>\n\n\n\n<p><\/p>\n","protected":false},"excerpt":{"rendered":"<p>Collecte des Donn\u00e9es Personnelles :Nous collectons les informations suivantes : Ces donn\u00e9es sont collect\u00e9es lorsque : Utilisation des Donn\u00e9es :Vos informations personnelles sont utilis\u00e9es pour : Partage des Donn\u00e9es :Les donn\u00e9es collect\u00e9es ne sont jamais partag\u00e9es ou vendues \u00e0 des tiers, sauf si la loi l\u2019exige. Dur\u00e9e de Conservation :Vos informations personnelles sont conserv\u00e9es aussi [&hellip;]<\/p>\n","protected":false},"author":1,"featured_media":0,"parent":0,"menu_order":0,"comment_status":"closed","ping_status":"closed","template":"","meta":{"footnotes":""},"class_list":["post-846","page","type-page","status-publish","hentry"],"blocksy_meta":[],"_links":{"self":[{"href":"https:\/\/www.ac-aldek.fr\/index.php\/wp-json\/wp\/v2\/pages\/846","targetHints":{"allow":["GET"]}}],"collection":[{"href":"https:\/\/www.ac-aldek.fr\/index.php\/wp-json\/wp\/v2\/pages"}],"about":[{"href":"https:\/\/www.ac-aldek.fr\/index.php\/wp-json\/wp\/v2\/types\/page"}],"author":[{"embeddable":true,"href":"https:\/\/www.ac-aldek.fr\/index.php\/wp-json\/wp\/v2\/users\/1"}],"replies":[{"embeddable":true,"href":"https:\/\/www.ac-aldek.fr\/index.php\/wp-json\/wp\/v2\/comments?post=846"}],"version-history":[{"count":1,"href":"https:\/\/www.ac-aldek.fr\/index.php\/wp-json\/wp\/v2\/pages\/846\/revisions"}],"predecessor-version":[{"id":847,"href":"https:\/\/www.ac-aldek.fr\/index.php\/wp-json\/wp\/v2\/pages\/846\/revisions\/847"}],"wp:attachment":[{"href":"https:\/\/www.ac-aldek.fr\/index.php\/wp-json\/wp\/v2\/media?parent=846"}],"curies":[{"name":"wp","href":"https:\/\/api.w.org\/{rel}","templated":true}]}}