{"id":782,"date":"2022-05-12T15:28:23","date_gmt":"2022-05-12T15:28:23","guid":{"rendered":"https:\/\/startersites.io\/blocksy\/bizconsult\/?page_id=7"},"modified":"2025-11-04T23:47:07","modified_gmt":"2025-11-04T23:47:07","slug":"home","status":"publish","type":"page","link":"https:\/\/www.ac-aldek.fr\/","title":{"rendered":"Page d&rsquo;accueil"},"content":{"rendered":"<h1 class=\"wp-block-site-title\"><a href=\"https:\/\/www.ac-aldek.fr\" target=\"_self\" rel=\"home\">Ensemble Scolaire Amaranthe<\/a><\/h1>\n\n\n<div class=\"wp-block-stackable-columns aligncenter stk-block-columns stk-block stk-9a799e5 stk-block-background\" data-block-id=\"9a799e5\"><style>.stk-9a799e5 {background-color:#f6f6f6 !important;background-position:top center !important;padding-top:0px !important;padding-right:0px !important;padding-bottom:0px !important;padding-left:0px !important;margin-bottom:0px !important;}.stk-9a799e5:before{background-color:#f6f6f6 !important;}<\/style><div class=\"stk-row stk-inner-blocks stk-block-content stk-content-align stk-9a799e5-column\">\n<div class=\"wp-block-stackable-column stk-block-column stk-column stk-block stk-ebc8356\" data-v=\"4\" data-block-id=\"ebc8356\"><style>.stk-ebc8356-container{margin-top:0px !important;margin-right:0px !important;margin-bottom:0px !important;margin-left:0px !important;}<\/style><div class=\"stk-column-wrapper stk-block-column__content stk-container stk-ebc8356-container stk--no-background stk--no-padding\"><div class=\"stk-block-content stk-inner-blocks stk-ebc8356-inner-blocks\">\n<div class=\"wp-block-group alignfull is-content-justification-center is-layout-constrained wp-block-group-is-layout-constrained\" style=\"margin-top:0;margin-bottom:0\">\n<div style=\"height:0px\" aria-hidden=\"true\" class=\"wp-block-spacer\"><\/div>\n\n\n\n<div class=\"wp-block-group alignwide is-layout-flow wp-block-group-is-layout-flow\">\n<div class=\"wp-block-columns alignwide is-layout-flex wp-container-core-columns-is-layout-5c8fb865 wp-block-columns-is-layout-flex\">\n<div class=\"wp-block-column is-vertically-aligned-center is-content-justification-left is-layout-constrained wp-container-core-column-is-layout-95996b15 wp-block-column-is-layout-constrained\">\n<h3 class=\"wp-block-heading\">Association de Loi 1901<br>&#8212;&#8212;&#8212;&#8212;&#8212;&#8212;&#8212;&#8212;&#8212;&#8212;-<br>Organisation en ligne \u00e0 but d&rsquo;Accompagnement et d&rsquo;Entraide \u00c9ducative dans le monde Num\u00e9rique.<br>&#8212;&#8212;&#8212;&#8212;&#8212;&#8212;&#8212;&#8212;&#8212;&#8212;-<\/h3>\n<\/div>\n\n\n\n<div class=\"wp-block-column is-vertically-aligned-top is-layout-flow wp-block-column-is-layout-flow\" style=\"flex-basis:40%\">\n<div class=\"wp-block-stackable-spacer stk-block-spacer stk--no-padding stk-block stk-6cebfb6\" data-block-id=\"6cebfb6\"><style>.stk-6cebfb6 {height:75px !important;}<\/style><\/div>\n\n\n\n<p>Engag\u00e9 dans la r\u00e9ussite scolaire des jeunes, l&rsquo;association propose aux volontaires de participer \u00e0 des cours pendant le temps du week-end afin de consolider les savoirs fondamentaux des niveaux de 3\u00e8me et de 2nde.<br><br>( Les activit\u00e9s en ligne sont r\u00e9serv\u00e9s aux jeunes volontaires qui doivent pouvoir poss\u00e9der <a href=\"https:\/\/discord.com\/\">Discord<\/a> en respectant les <a href=\"https:\/\/discord.com\/terms\">TOS<\/a> pour participer )<br><br>\u2b07\ufe0f Tout se passe ici \u2b07\ufe0f<\/p>\n\n\n\n<div class=\"wp-block-buttons is-layout-flex wp-container-core-buttons-is-layout-45b20515 wp-block-buttons-is-layout-flex\">\n<div class=\"wp-block-button\"><a class=\"wp-block-button__link has-text-align-center wp-element-button\" href=\"https:\/\/discord.gg\/yr5QEg8x82\">Rejoignez nous !<\/a><\/div>\n<\/div>\n<\/div>\n<\/div>\n\n\n\n<div style=\"height:var(--wp--preset--spacing--20)\" aria-hidden=\"true\" class=\"wp-block-spacer\"><\/div>\n\n\n\n<figure class=\"wp-block-image size-full is-resized\"><img fetchpriority=\"high\" decoding=\"async\" width=\"972\" height=\"646\" src=\"https:\/\/www.ac-aldek.fr\/wp-content\/uploads\/2024\/12\/Capture-decran-2024-12-25-222507.png\" alt=\"\" class=\"wp-image-885\" style=\"aspect-ratio:1.7777777777777777;object-fit:cover;width:1550px;height:auto\" srcset=\"https:\/\/www.ac-aldek.fr\/wp-content\/uploads\/2024\/12\/Capture-decran-2024-12-25-222507.png 972w, https:\/\/www.ac-aldek.fr\/wp-content\/uploads\/2024\/12\/Capture-decran-2024-12-25-222507-300x199.png 300w, https:\/\/www.ac-aldek.fr\/wp-content\/uploads\/2024\/12\/Capture-decran-2024-12-25-222507-768x510.png 768w\" sizes=\"(max-width: 972px) 100vw, 972px\" \/><\/figure>\n\n\n\n<p class=\"has-text-align-right\">Designed by <a href=\"https:\/\/fr.freepik.com\/\">Freepik<\/a><\/p>\n<\/div>\n\n\n\n<div style=\"height:0px\" aria-hidden=\"true\" class=\"wp-block-spacer\"><\/div>\n<\/div>\n<\/div><\/div><\/div>\n<\/div><\/div>\n\n\n\n<div class=\"wp-block-stackable-separator alignfull stk-block-separator stk--no-padding stk-block stk-c2c0031\" data-block-id=\"c2c0031\"><style>.stk-c2c0031 {margin-bottom:0px !important;}<\/style><div class=\"stk-block-separator__inner\"><svg xmlns=\"http:\/\/www.w3.org\/2000\/svg\" viewBox=\"0 0 1600 200\" class=\"stk-separator__layer-1\" preserveAspectRatio=\"none\" aria-hidden=\"true\"><path class=\"wave-1_svg__st2\" d=\"M1341.4 48.9c-182.4 0-254.2 80.4-429.4 80.4-117.8 0-209.7-67.5-393.5-67.5-142.2 0-212.6 38.8-324.6 38.8S-10 64.7-10 64.7V210h1620V102c-110.6-40.2-181-53.1-268.6-53.1z\"><\/path><\/svg><\/div><\/div>\n\n\n\n<div class=\"wp-block-stackable-team-member stk-block-team-member stk-block stk-848fccf is-style-plain\" data-v=\"2\" data-block-id=\"848fccf\"><div class=\"stk-block-team-member__content stk-content-align stk-848fccf-column stk-container stk-848fccf-container stk--no-background stk--no-padding\"><div class=\"stk-block-content stk-inner-blocks has-text-align-left stk-848fccf-inner-blocks\">\n<h2 class=\"wp-block-heading\">L&rsquo;\u00e9quipe du Bureau de l&rsquo;Association :<\/h2>\n<\/div><\/div><\/div>\n\n\n\n<div class=\"wp-block-stackable-columns stk-block-columns stk-block stk-27b7b5d\" data-block-id=\"27b7b5d\"><style>.stk-27b7b5d {margin-bottom:0px !important;}<\/style><div class=\"stk-row stk-inner-blocks stk-block-content stk-content-align stk-27b7b5d-column\">\n<div class=\"wp-block-stackable-column stk-block-column stk-column stk-block stk-6c91798\" data-v=\"4\" data-block-id=\"6c91798\"><div class=\"stk-column-wrapper stk-block-column__content stk-container stk-6c91798-container stk--no-background stk--no-padding\"><div class=\"stk-block-content stk-inner-blocks stk-6c91798-inner-blocks\">\n<div class=\"wp-block-stackable-team-member stk-block-team-member stk-block stk-ebb6e6f is-style-default\" data-v=\"2\" data-block-id=\"ebb6e6f\"><div class=\"stk-block-team-member__content stk-content-align stk-ebb6e6f-column stk-container stk-ebb6e6f-container stk-hover-parent\"><div class=\"stk-block-content stk-inner-blocks has-text-align-center stk-ebb6e6f-inner-blocks\">\n<div class=\"wp-block-stackable-image stk-block-image stk-block stk-cd1e175\" data-block-id=\"cd1e175\"><style>.stk-cd1e175 {margin-bottom:0px !important;}.stk-cd1e175 .stk-img-wrapper{width:150px !important;height:150px !important;}.stk-cd1e175 .stk-img-wrapper img, .stk-cd1e175 .stk-img-wrapper::after, .stk-cd1e175 .stk-img-wrapper::before{mask-image:url('data:image\/svg+xml;base64,PHN2ZyB4bWxucz0iaHR0cDovL3d3dy53My5vcmcvMjAwMC9zdmciIHZpZXdCb3g9IjAgMCAxMDAgMTAwIiBwcmVzZXJ2ZUFzcGVjdFJhdGlvPSJub25lIj48Y2lyY2xlIGN4PSI1MCIgY3k9IjUwIiByPSI1MCI+PC9jaXJjbGU+PC9zdmc+') !important;-webkit-mask-image:url('data:image\/svg+xml;base64,PHN2ZyB4bWxucz0iaHR0cDovL3d3dy53My5vcmcvMjAwMC9zdmciIHZpZXdCb3g9IjAgMCAxMDAgMTAwIiBwcmVzZXJ2ZUFzcGVjdFJhdGlvPSJub25lIj48Y2lyY2xlIGN4PSI1MCIgY3k9IjUwIiByPSI1MCI+PC9jaXJjbGU+PC9zdmc+') !important;}<\/style><figure><span class=\"stk-img-wrapper stk-img--shape stk-image--shape-stretch\"><img decoding=\"async\" class=\"stk-img wp-image-905\" src=\"https:\/\/www.ac-aldek.fr\/wp-content\/uploads\/2024\/12\/eff34a69-722a-4ae7-8d81-b6ee4d35195e-scaled.jpg\" width=\"1928\" height=\"2560\" srcset=\"https:\/\/www.ac-aldek.fr\/wp-content\/uploads\/2024\/12\/eff34a69-722a-4ae7-8d81-b6ee4d35195e-scaled.jpg 1928w, https:\/\/www.ac-aldek.fr\/wp-content\/uploads\/2024\/12\/eff34a69-722a-4ae7-8d81-b6ee4d35195e-226x300.jpg 226w, https:\/\/www.ac-aldek.fr\/wp-content\/uploads\/2024\/12\/eff34a69-722a-4ae7-8d81-b6ee4d35195e-771x1024.jpg 771w, https:\/\/www.ac-aldek.fr\/wp-content\/uploads\/2024\/12\/eff34a69-722a-4ae7-8d81-b6ee4d35195e-768x1020.jpg 768w, https:\/\/www.ac-aldek.fr\/wp-content\/uploads\/2024\/12\/eff34a69-722a-4ae7-8d81-b6ee4d35195e-1157x1536.jpg 1157w, https:\/\/www.ac-aldek.fr\/wp-content\/uploads\/2024\/12\/eff34a69-722a-4ae7-8d81-b6ee4d35195e-1542x2048.jpg 1542w\" sizes=\"(max-width: 1928px) 100vw, 1928px\" \/><\/span><\/figure><\/div>\n\n\n\n<div class=\"wp-block-stackable-heading stk-block-heading stk-block-heading--v2 stk-block stk-a4b08aa\" id=\"kyllian\" data-block-id=\"a4b08aa\"><h3 class=\"stk-block-heading__text\">Kyllian<\/h3><\/div>\n\n\n\n<div class=\"wp-block-stackable-subtitle stk-block-subtitle stk-block stk-37db477\" data-block-id=\"37db477\"><p class=\"stk-block-subtitle__text stk-subtitle\">Pr\u00e9sident de l&rsquo;Association<\/p><\/div>\n\n\n\n<div class=\"wp-block-stackable-text stk-block-text stk-block stk-01628b3\" data-block-id=\"01628b3\"><p class=\"stk-block-text__text\">20 ans,<br>Co-organisateur et Responsable de l&rsquo;\u00e9tablissement, Je met en \u0153uvre une gestion des activit\u00e9s et des cours en coordination avec nos jeunes volontaires et avec les \u00e9quipes du personnel engag\u00e9 en faveur de l&rsquo;accompagnement et l&rsquo;entraide au sein de l&rsquo;\u00e9tablissement.<\/p><\/div>\n<\/div><\/div><\/div>\n<\/div><\/div><\/div>\n\n\n\n<div class=\"wp-block-stackable-column stk-block-column stk-column stk-block stk-c44bec9\" data-v=\"4\" data-block-id=\"c44bec9\"><div class=\"stk-column-wrapper stk-block-column__content stk-container stk-c44bec9-container stk--no-background stk--no-padding\"><div class=\"stk-block-content stk-inner-blocks stk-c44bec9-inner-blocks\">\n<div class=\"wp-block-stackable-team-member stk-block-team-member stk-block stk-072874c is-style-default\" data-v=\"2\" data-block-id=\"072874c\"><div class=\"stk-block-team-member__content stk-content-align stk-072874c-column stk-container stk-072874c-container stk-hover-parent\"><div class=\"stk-block-content stk-inner-blocks has-text-align-center stk-072874c-inner-blocks\">\n<div class=\"wp-block-stackable-image stk-block-image stk-block stk-9c309e7\" data-block-id=\"9c309e7\"><style>.stk-9c309e7 {margin-bottom:0px !important;}.stk-9c309e7 .stk-img-wrapper{width:150px !important;height:150px !important;}.stk-9c309e7 .stk-img-wrapper img, .stk-9c309e7 .stk-img-wrapper::after, .stk-9c309e7 .stk-img-wrapper::before{mask-image:url('data:image\/svg+xml;base64,PHN2ZyB4bWxucz0iaHR0cDovL3d3dy53My5vcmcvMjAwMC9zdmciIHZpZXdCb3g9IjAgMCAxMDAgMTAwIiBwcmVzZXJ2ZUFzcGVjdFJhdGlvPSJub25lIj48Y2lyY2xlIGN4PSI1MCIgY3k9IjUwIiByPSI1MCI+PC9jaXJjbGU+PC9zdmc+') !important;-webkit-mask-image:url('data:image\/svg+xml;base64,PHN2ZyB4bWxucz0iaHR0cDovL3d3dy53My5vcmcvMjAwMC9zdmciIHZpZXdCb3g9IjAgMCAxMDAgMTAwIiBwcmVzZXJ2ZUFzcGVjdFJhdGlvPSJub25lIj48Y2lyY2xlIGN4PSI1MCIgY3k9IjUwIiByPSI1MCI+PC9jaXJjbGU+PC9zdmc+') !important;}<\/style><figure><span class=\"stk-img-wrapper stk-img--shape stk-image--shape-stretch\"><img decoding=\"async\" class=\"stk-img wp-image-904\" src=\"https:\/\/www.ac-aldek.fr\/wp-content\/uploads\/2024\/12\/9fe4c9d9-47d5-4b11-8fbd-86f2847ffaaa-scaled.jpg\" width=\"1920\" height=\"2560\" srcset=\"https:\/\/www.ac-aldek.fr\/wp-content\/uploads\/2024\/12\/9fe4c9d9-47d5-4b11-8fbd-86f2847ffaaa-scaled.jpg 1920w, https:\/\/www.ac-aldek.fr\/wp-content\/uploads\/2024\/12\/9fe4c9d9-47d5-4b11-8fbd-86f2847ffaaa-225x300.jpg 225w, https:\/\/www.ac-aldek.fr\/wp-content\/uploads\/2024\/12\/9fe4c9d9-47d5-4b11-8fbd-86f2847ffaaa-768x1024.jpg 768w, https:\/\/www.ac-aldek.fr\/wp-content\/uploads\/2024\/12\/9fe4c9d9-47d5-4b11-8fbd-86f2847ffaaa-1152x1536.jpg 1152w, https:\/\/www.ac-aldek.fr\/wp-content\/uploads\/2024\/12\/9fe4c9d9-47d5-4b11-8fbd-86f2847ffaaa-1536x2048.jpg 1536w\" sizes=\"(max-width: 1920px) 100vw, 1920px\" \/><\/span><\/figure><\/div>\n\n\n\n<div class=\"wp-block-stackable-heading stk-block-heading stk-block-heading--v2 stk-block stk-3a6e6e5\" id=\"pierrick\" data-block-id=\"3a6e6e5\"><h3 class=\"stk-block-heading__text\">Pierrick<\/h3><\/div>\n\n\n\n<div class=\"wp-block-stackable-subtitle stk-block-subtitle stk-block stk-7e89578\" data-block-id=\"7e89578\"><p class=\"stk-block-subtitle__text stk-subtitle\">Vice-Pr\u00e9sident de l&rsquo;Association<\/p><\/div>\n\n\n\n<div class=\"wp-block-stackable-text stk-block-text stk-block stk-9ed3f68\" data-block-id=\"9ed3f68\"><p class=\"stk-block-text__text\">18 ans,<br>Co-organiseur et Sous-Responsable de l&rsquo;\u00e9tablissement, Je fais en sorte que les jeunes volontaires soit int\u00e9gr\u00e9s et je facilite le contact entre eux en proposant des activit\u00e9s ludiques et innovantes en coordination avec les \u00e9quipes du personnel engag\u00e9 en faveur de l&rsquo;accompagnement et l&rsquo;entraide au sein de l&rsquo;\u00e9tablissement.<\/p><\/div>\n<\/div><\/div><\/div>\n<\/div><\/div><\/div>\n<\/div><\/div>\n\n\n\n<blockquote class=\"wp-block-stackable-blockquote stk-block-blockquote stk-block stk-05873c0 is-style-default\" data-v=\"2\" data-block-id=\"05873c0\"><div class=\"has-text-align-left stk-block-blockquote__content stk-container stk-05873c0-container stk-hover-parent\"><div class=\"stk-block-content stk-inner-blocks\">\n<div class=\"wp-block-stackable-icon stk-block-icon stk-block stk-a040f1b\" data-block-id=\"a040f1b\"><span class=\"stk--svg-wrapper\"><div class=\"stk--inner-svg\"><svg style=\"height:0;width:0\"><defs><linearGradient id=\"linear-gradient-a040f1b\" x1=\"0\" x2=\"100%\" y1=\"0\" y2=\"0\"><stop offset=\"0%\" style=\"stop-opacity:1;stop-color:var(--linear-gradient-a-040-f-1-b-color-1)\"><\/stop><stop offset=\"100%\" style=\"stop-opacity:1;stop-color:var(--linear-gradient-a-040-f-1-b-color-2)\"><\/stop><\/linearGradient><\/defs><\/svg><svg xmlns=\"http:\/\/www.w3.org\/2000\/svg\" viewBox=\"0 0 50 50\" aria-hidden=\"true\" width=\"32\" height=\"32\"><path d=\"M19.8 9.3C10.5 11.8 4.6 17 2.1 24.8c2.3-3.6 5.6-5.4 9.9-5.4 3.3 0 6 1.1 8.3 3.3 2.2 2.2 3.4 5 3.4 8.3 0 3.2-1.1 5.8-3.3 8-2.2 2.2-5.1 3.2-8.7 3.2-3.7 0-6.5-1.2-8.6-3.5C1 36.3 0 33.1 0 29 0 18.3 6.5 11.2 19.6 7.9l.2 1.4zm26.4 0C36.9 11.9 31 17 28.5 24.8c2.2-3.6 5.5-5.4 9.8-5.4 3.2 0 6 1.1 8.3 3.2 2.3 2.2 3.4 4.9 3.4 8.3 0 3.1-1.1 5.8-3.3 7.9-2.2 2.2-5.1 3.3-8.6 3.3-3.7 0-6.6-1.1-8.6-3.4-2.1-2.3-3.1-5.5-3.1-9.7 0-10.7 6.6-17.8 19.7-21.1l.1 1.4z\"><\/path><\/svg><\/div><\/span><\/div>\n\n\n\n<div class=\"wp-block-stackable-text stk-block-text stk-block stk-6ead24d\" data-block-id=\"6ead24d\"><p class=\"stk-block-text__text\">Nous am\u00e9nagerons et donnerons aux jeunes volontaires, les cl\u00e9s pour les aider et pour les accompagner sur leurs difficult\u00e9s !<br>Nous les aiderons en partenariat avec le Groupe Associatif Ma Belle France sur leurs diverses d\u00e9marches au del\u00e0 de notre cadre \u00e9ducatif !<br><br>Aider et soutenir les jeunes volontaires restera toujours notre priorit\u00e9 !<br>Ensemble, nous luttons pour la solidarit\u00e9 et le partage !<\/p><\/div>\n<\/div><\/div><\/blockquote>\n\n\n\n<div class=\"wp-block-stackable-separator alignfull stk-block-separator stk--no-padding stk-block stk-d82f820\" data-block-id=\"d82f820\"><style>.stk-d82f820 {margin-bottom:0px !important;}<\/style><div class=\"stk-block-separator__inner\"><svg xmlns=\"http:\/\/www.w3.org\/2000\/svg\" viewBox=\"0 0 1600 200\" class=\"stk-separator__layer-1\" preserveAspectRatio=\"none\" aria-hidden=\"true\"><path class=\"wave-1_svg__st2\" d=\"M1341.4 48.9c-182.4 0-254.2 80.4-429.4 80.4-117.8 0-209.7-67.5-393.5-67.5-142.2 0-212.6 38.8-324.6 38.8S-10 64.7-10 64.7V210h1620V102c-110.6-40.2-181-53.1-268.6-53.1z\"><\/path><\/svg><\/div><\/div>\n\n\n\n<h2 class=\"wp-block-heading\">Vous \u00eates curieux ? Envoyez nous un message !<\/h2>\n\n\n\n<div class=\"wp-block-contact-form-7-contact-form-selector\">\n<div class=\"wpcf7 no-js\" id=\"wpcf7-f5-o1\" lang=\"fr-FR\" dir=\"ltr\" data-wpcf7-id=\"5\">\n<div class=\"screen-reader-response\"><p role=\"status\" aria-live=\"polite\" aria-atomic=\"true\"><\/p> <ul><\/ul><\/div>\n<form action=\"\/index.php\/wp-json\/wp\/v2\/pages\/782#wpcf7-f5-o1\" method=\"post\" class=\"wpcf7-form init\" aria-label=\"Formulaire de contact\" novalidate=\"novalidate\" data-status=\"init\">\n<div style=\"display: none;\">\n<input type=\"hidden\" name=\"_wpcf7\" value=\"5\" \/>\n<input type=\"hidden\" name=\"_wpcf7_version\" value=\"6.0.2\" \/>\n<input type=\"hidden\" name=\"_wpcf7_locale\" value=\"fr_FR\" \/>\n<input type=\"hidden\" name=\"_wpcf7_unit_tag\" value=\"wpcf7-f5-o1\" \/>\n<input type=\"hidden\" name=\"_wpcf7_container_post\" value=\"0\" \/>\n<input type=\"hidden\" name=\"_wpcf7_posted_data_hash\" value=\"\" \/>\n<\/div>\n<p><label> Votre nom<br \/>\n<span class=\"wpcf7-form-control-wrap\" data-name=\"your-name\"><input size=\"40\" maxlength=\"400\" class=\"wpcf7-form-control wpcf7-text wpcf7-validates-as-required\" autocomplete=\"name\" aria-required=\"true\" aria-invalid=\"false\" value=\"\" type=\"text\" name=\"your-name\" \/><\/span> <\/label>\n<\/p>\n<p><label> Votre e-mail<br \/>\n<span class=\"wpcf7-form-control-wrap\" data-name=\"your-email\"><input size=\"40\" maxlength=\"400\" class=\"wpcf7-form-control wpcf7-email wpcf7-validates-as-required wpcf7-text wpcf7-validates-as-email\" autocomplete=\"email\" aria-required=\"true\" aria-invalid=\"false\" value=\"\" type=\"email\" name=\"your-email\" \/><\/span> <\/label>\n<\/p>\n<p><label> Objet<br \/>\n<span class=\"wpcf7-form-control-wrap\" data-name=\"your-subject\"><input size=\"40\" maxlength=\"400\" class=\"wpcf7-form-control wpcf7-text wpcf7-validates-as-required\" aria-required=\"true\" aria-invalid=\"false\" value=\"\" type=\"text\" name=\"your-subject\" \/><\/span> <\/label>\n<\/p>\n<p><label> Votre message (facultatif)<br \/>\n<span class=\"wpcf7-form-control-wrap\" data-name=\"your-message\"><textarea cols=\"40\" rows=\"10\" maxlength=\"2000\" class=\"wpcf7-form-control wpcf7-textarea\" aria-invalid=\"false\" name=\"your-message\"><\/textarea><\/span> <\/label>\n<\/p>\n<p><input class=\"wpcf7-form-control wpcf7-submit has-spinner\" type=\"submit\" value=\"Envoyer\" \/>\n<\/p><p style=\"display: none !important;\" class=\"akismet-fields-container\" data-prefix=\"_wpcf7_ak_\"><label>&#916;<textarea name=\"_wpcf7_ak_hp_textarea\" cols=\"45\" rows=\"8\" maxlength=\"100\"><\/textarea><\/label><input type=\"hidden\" id=\"ak_js_1\" name=\"_wpcf7_ak_js\" value=\"147\"\/><script>document.getElementById( \"ak_js_1\" ).setAttribute( \"value\", ( new Date() ).getTime() );<\/script><\/p><div class=\"wpcf7-response-output\" aria-hidden=\"true\"><\/div>\n<\/form>\n<\/div>\n<\/div>\n","protected":false},"excerpt":{"rendered":"<p>Association de Loi 1901&#8212;&#8212;&#8212;&#8212;&#8212;&#8212;&#8212;&#8212;&#8212;&#8212;-Organisation en ligne \u00e0 but d&rsquo;Accompagnement et d&rsquo;Entraide \u00c9ducative dans le monde Num\u00e9rique.&#8212;&#8212;&#8212;&#8212;&#8212;&#8212;&#8212;&#8212;&#8212;&#8212;- Engag\u00e9 dans la r\u00e9ussite scolaire des jeunes, l&rsquo;association propose aux volontaires de participer \u00e0 des cours pendant le temps du week-end afin de consolider les savoirs fondamentaux des niveaux de 3\u00e8me et de 2nde. ( Les activit\u00e9s en ligne [&hellip;]<\/p>\n","protected":false},"author":1,"featured_media":0,"parent":0,"menu_order":0,"comment_status":"closed","ping_status":"closed","template":"","meta":{"footnotes":""},"class_list":["post-782","page","type-page","status-publish","hentry"],"blocksy_meta":{"styles_descriptor":{"styles":{"desktop":"","tablet":"","mobile":""},"google_fonts":[],"version":6},"page_title_panel":"","has_hero_section":"disabled","49a7dbc8efd2a3917e2b33d1b9699341":"","hero_section":"type-1","hero_elements":[{"id":"custom_title","enabled":true,"heading_tag":"h1","title":"Home"},{"id":"custom_description","enabled":true,"description_visibility":{"desktop":true,"tablet":true,"mobile":false}},{"id":"custom_meta","enabled":false,"meta_elements":[{"id":"author","enabled":true,"label":"By","has_author_avatar":"yes","avatar_size":25},{"id":"post_date","enabled":true,"label":"On","date_format_source":"default","date_format":"M j, Y"},{"id":"updated_date","enabled":false,"label":"On","date_format_source":"default","date_format":"M j, Y"},{"id":"categories","enabled":false,"label":"In","style":"simple"},{"id":"comments","enabled":true}],"page_meta_elements":{"joined":true,"articles_count":true,"comments":true}},{"id":"breadcrumbs","enabled":false}],"f78826450ef38494cb964b4c736124d4":"","hero_alignment1":"CT_CSS_SKIP_RULE","hero_margin":40,"hero_alignment2":"center","hero_vertical_alignment":"center","bb667e7bc23af5c88d0a78cc434a7d5a":"","hero_structure":"narrow","33e2311f7424fec7ecd0bcd73c157320":"","page_title_bg_type":"featured_image","custom_hero_background":{"attachment_id":null},"page_title_image_size":"full","parallax":{"desktop":false,"tablet":false,"mobile":false},"c09ad6009593c3753541875c3388d6ca":"","hero_height":"250px","pageTitleFont":{"family":"Default","variation":"Default","size":"30px","line-height":"CT_CSS_SKIP_RULE","letter-spacing":"CT_CSS_SKIP_RULE","text-transform":"CT_CSS_SKIP_RULE","text-decoration":"CT_CSS_SKIP_RULE"},"pageTitleFontColor":{"default":{"color":"CT_CSS_SKIP_RULEDEFAULT"}},"pageMetaFont":{"family":"Default","variation":"n6","size":"12px","line-height":"1.3","letter-spacing":"CT_CSS_SKIP_RULE","text-transform":"uppercase","text-decoration":"CT_CSS_SKIP_RULE"},"pageMetaFontColor":{"default":{"color":"CT_CSS_SKIP_RULEDEFAULT"},"hover":{"color":"CT_CSS_SKIP_RULEDEFAULT"}},"page_meta_button_type_font_colors":{"default":{"color":"CT_CSS_SKIP_RULEDEFAULT"},"hover":{"color":"CT_CSS_SKIP_RULEDEFAULT"}},"page_meta_button_type_background_colors":{"default":{"color":"CT_CSS_SKIP_RULEDEFAULT"},"hover":{"color":"CT_CSS_SKIP_RULEDEFAULT"}},"pageExcerptFont":{"family":"Default","variation":"Default","size":"CT_CSS_SKIP_RULE","line-height":"CT_CSS_SKIP_RULE","letter-spacing":"CT_CSS_SKIP_RULE","text-transform":"CT_CSS_SKIP_RULE","text-decoration":"CT_CSS_SKIP_RULE"},"pageExcerptColor":{"default":{"color":"CT_CSS_SKIP_RULEDEFAULT"}},"breadcrumbsFont":{"family":"Default","variation":"Default","size":"CT_CSS_SKIP_RULE","line-height":"CT_CSS_SKIP_RULE","letter-spacing":"CT_CSS_SKIP_RULE","text-transform":"CT_CSS_SKIP_RULE","text-decoration":"CT_CSS_SKIP_RULE"},"breadcrumbsFontColor":{"default":{"color":"CT_CSS_SKIP_RULEDEFAULT"},"initial":{"color":"CT_CSS_SKIP_RULEDEFAULT"},"hover":{"color":"CT_CSS_SKIP_RULEDEFAULT"}},"pageTitleOverlay":{"background_type":"color","background_pattern":"type-1","background_image":{"attachment_id":null,"x":0,"y":0},"gradient":"linear-gradient(135deg,rgba(6,147,227,1) 0%,rgb(155,81,224) 100%)","background_repeat":"repeat","background_size":"auto","background_attachment":"scroll","patternColor":{"default":{"color":"#e5e7ea"}},"overlayColor":{"default":{"color":"CT_CSS_SKIP_RULE"}},"backgroundColor":{"default":{"color":"CT_CSS_SKIP_RULE"}}},"pageTitleBackground":{"background_type":"color","background_pattern":"type-1","background_image":{"attachment_id":null,"x":0,"y":0},"gradient":"linear-gradient(135deg,rgba(6,147,227,1) 0%,rgb(155,81,224) 100%)","background_repeat":"repeat","background_size":"auto","background_attachment":"scroll","patternColor":{"default":{"color":"#e5e7ea"}},"overlayColor":{"default":{"color":"CT_CSS_SKIP_RULE"}},"backgroundColor":{"default":{"color":"var(--theme-palette-color-6)"}}},"pageTitlePadding":{"top":"50px","bottom":"50px","left":"auto","right":"auto","linked":true},"9da2312fd12af112468f1a557cd080d0":"","page_structure_type":"default","7fa16ca0aa309da681a7ba94ee19170e":"","content_style_source":"inherit","content_style":"wide","vertical_spacing_source":"custom","content_area_spacing":"none","background":{"background_type":"color","background_pattern":"type-1","background_image":{"attachment_id":null,"x":0,"y":0},"gradient":"linear-gradient(135deg,rgba(6,147,227,1) 0%,rgb(155,81,224) 100%)","background_repeat":"repeat","background_size":"auto","background_attachment":"scroll","patternColor":{"default":{"color":"#e5e7ea"}},"overlayColor":{"default":{"color":"CT_CSS_SKIP_RULE"}},"backgroundColor":{"default":{"color":"CT_CSS_SKIP_RULE"}}},"content_background":{"background_type":"color","background_pattern":"type-1","background_image":{"attachment_id":null,"x":0,"y":0},"gradient":"linear-gradient(135deg,rgba(6,147,227,1) 0%,rgb(155,81,224) 100%)","background_repeat":"repeat","background_size":"auto","background_attachment":"scroll","patternColor":{"default":{"color":"#e5e7ea"}},"overlayColor":{"default":{"color":"CT_CSS_SKIP_RULE"}},"backgroundColor":{"default":{"color":"var(--theme-palette-color-8)"}}},"content_boxed_shadow":{"inherit":false,"blur":18,"spread":-6,"v_offset":12,"h_offset":0,"inset":false,"enable":true,"color":{"color":"rgba(34, 56, 101, 0.04)"}},"content_boxed_border":{"width":1,"style":"none","color":{"color":"rgba(44,62,80,0.2)"}},"content_boxed_radius":{"top":"3px","bottom":"3px","left":"3px","right":"3px","linked":true},"boxed_content_spacing":{"desktop":{"top":"40px","bottom":"40px","left":"40px","right":"40px","linked":true},"tablet":{"top":"35px","bottom":"35px","left":"35px","right":"35px","linked":true},"mobile":{"top":"20px","bottom":"20px","left":"20px","right":"20px","linked":true}},"515c77a2e34539af1e7f4d7adaceb756":"","disable_featured_image":"no","disable_share_box":"no","disable_header":"no","disable_footer":"no"},"_links":{"self":[{"href":"https:\/\/www.ac-aldek.fr\/index.php\/wp-json\/wp\/v2\/pages\/782","targetHints":{"allow":["GET"]}}],"collection":[{"href":"https:\/\/www.ac-aldek.fr\/index.php\/wp-json\/wp\/v2\/pages"}],"about":[{"href":"https:\/\/www.ac-aldek.fr\/index.php\/wp-json\/wp\/v2\/types\/page"}],"author":[{"embeddable":true,"href":"https:\/\/www.ac-aldek.fr\/index.php\/wp-json\/wp\/v2\/users\/1"}],"replies":[{"embeddable":true,"href":"https:\/\/www.ac-aldek.fr\/index.php\/wp-json\/wp\/v2\/comments?post=782"}],"version-history":[{"count":34,"href":"https:\/\/www.ac-aldek.fr\/index.php\/wp-json\/wp\/v2\/pages\/782\/revisions"}],"predecessor-version":[{"id":1015,"href":"https:\/\/www.ac-aldek.fr\/index.php\/wp-json\/wp\/v2\/pages\/782\/revisions\/1015"}],"wp:attachment":[{"href":"https:\/\/www.ac-aldek.fr\/index.php\/wp-json\/wp\/v2\/media?parent=782"}],"curies":[{"name":"wp","href":"https:\/\/api.w.org\/{rel}","templated":true}]}}